st common divisor of 20 and 26330?
10
Calculate the greatest common divisor of 27 and 2574.
9
Calculate the greatest common divisor of 80 and 980.
20
What is the highest common divisor of 1824 and 114?
114
Calculate the highest common factor of 13 and 143.
13
What is the greatest common factor of 5548 and 219?
73
Calculate the greatest common divisor of 30 and 45.
15
What is the greatest common divisor of 98 and 602?
14
What is the greatest common factor of 1104 and 92?
92
What is the greatest common factor of 225 and 2835?
45
Calculate the highest common divisor of 123 and 34071.
123
Calculate the greatest common factor of 450 and 18.
18
Calculate the highest common factor of 19 and 1216.
19
What is the highest common factor of 30 and 510?
30
Calculate the highest common divisor of 2 and 64.
2
What is the highest common factor of 42 and 910?
14
Calculate the greatest common divisor of 43 and 559.
43
What is the highest common divisor of 8084 and 658?
94
What is the greatest common divisor of 3890 and 170?
10
Calculate the greatest common divisor of 14 and 153748.
14
Calculate the highest common divisor of 2834 and 169.
13
What is the highest common factor of 106 and 159?
53
Calculate the highest common factor of 2485 and 35.
35
What is the highest common factor of 1467 and 81?
9
Calculate the greatest common factor of 352 and 22.
22
What is the highest common divisor of 1332 and 36?
36
Calculate the greatest common divisor of 10813 and 33.
11
What is the greatest common divisor of 616 and 77?
77
Calculate the greatest common factor of 110 and 1550.
10
What is the highest common divisor of 1686 and 156?
6
What is the greatest common divisor of 15526 and 14?
14
What is the highest common divisor of 120 and 1620?
60
What is the greatest common factor of 2684 and 88?
44
What is the highest common divisor of 30 and 2370?
30
What is the highest common divisor of 48 and 6?
6
What is the highest common divisor of 6710 and 61?
61
Calculate the highest common factor of 612 and 72.
36
What is the highest common divisor of 1332 and 18?
18
Calculate the highest common factor of 225 and 72.
9
What is the highest common divisor of 24 and 3060?
12
What is the highest common factor of 176 and 1040?
16
What is the greatest common divisor of 77 and 154?
77
What is the highest common divisor of 31 and 28241?
31
What is the greatest common factor of 35 and 119?
7
What is the greatest common divisor of 10285 and 170?
85
What is the highest common divisor of 480 and 10?
10
Calculate the greatest common factor of 72 and 144.
72
Calculate the greatest common divisor of 40 and 640.
40
What is the greatest common divisor of 13 and 2626?
13
What is the greatest common factor of 273 and 728?
91
Calculate the greatest common factor of 75 and 45.
15
Calculate the greatest common factor of 1216 and 224.
32
What is the greatest common divisor of 6 and 21312?
6
What is the highest common divisor of 455 and 15?
5
Calculate the highest common divisor of 5 and 95.
5
Calculate the highest common divisor of 155 and 62.
31
What is the greatest common divisor of 1176 and 504?
168
Calculate the highest common factor of 1387 and 146.
73
What is the highest common factor of 58 and 14587?
29
Calculate the highest common factor of 5 and 35.
5
What is the greatest common factor of 666 and 612?
18
What is the highest common divisor of 1323 and 27?
27
What is the highest common factor of 2 and 8054?
2
What is the highest common divisor of 10647 and 63?
63
Calculate the greatest common divisor of 320 and 2120.
40
Calculate the greatest common divisor of 54 and 324.
54
What is the highest common divisor of 9 and 387?
9
Calculate the greatest common factor of 22 and 64.
2
Calculate the greatest common divisor of 65 and 26.
13
What is the greatest common factor of 12555 and 1860?
465
What is the greatest common divisor of 5004 and 72?
36
Calculate the highest common factor of 195 and 1755.
195
What is the highest common factor of 192 and 6?
6
Calculate the greatest common divisor of 182 and 1974.
14
What is the highest common factor of 27 and 171?
9
What is the greatest common divisor of 190 and 850?
10
Calculate the highest common factor of 1 and 347.
1
Calculate the highest common divisor of 84 and 189.
21
What is the greatest common divisor of 2461 and 963?
107
Calculate the highest common factor of 7909 and 22.
11
What is the greatest common factor of 18 and 13374?
18
Calculate the greatest common factor of 124 and 8.
4
What is the greatest common divisor of 292 and 511?
73
Calculate the highest common factor of 740 and 100.
20
Calculate the highest common divisor of 33 and 6.
3
Calculate the highest common divisor of 459 and 54.
27
Calculate the greatest common factor of 58 and 98.
2
Calculate the highest common factor of 128 and 96.
32
Calculate the greatest common factor of 84 and 1071.
21
Calculate the highest common factor of 4130 and 10.
10
Calculate the greatest common factor of 2 and 1356.
2
Calculate the greatest common divisor of 10 and 4.
2
What is the greatest common factor of 132 and 12?
12
What is the greatest common divisor of 27 and 288?
9
Calculate the greatest common factor of 5206 and 3014.
274
What is the highest common divisor of 270 and 30?
30
What is the greatest common divisor of 120 and 96?
24
Calculate the greatest common divisor of 114 and 7980.
114
What is the greatest common factor of 48740 and 5?
5
What is the highest common divisor of 980 and 700?
140
Calculate the highest common divisor of 20 and 1124.
4
Calculate the greatest common divisor of 144 and 160.
16
What is the highest common factor of 5580 and 360?
180
Calculate the highest common divisor of 84 and 9.
3
What is the highest common divisor of 17 and 34?
17
Calculate the highest common divisor of 297 and 22.
11
Calculate the highest common divisor of 207 and 46.
23
Calculate the highest common factor of 702 and 52.
26
What is the highest common factor of 13 and 1625?
13
What is the greatest common factor of 500 and 30?
10
What is the highest common factor of 1 and 347?
1
What is the highest common factor of 297 and 33?
33
Calculate the highest common divisor of 3 and 75.
3
What is the greatest common divisor of 115 and 2?
1
Calculate the greatest common divisor of 79 and 79.
79
Calculate the greatest common divisor of 216 and 1056.
24
Calculate the greatest common divisor of 294 and 7.
7
Calculate the greatest common divisor of 2898 and 147.
21
What is the highest common divisor of 4238 and 52?
26
What is the greatest common divisor of 208 and 156?
52
What is the highest common divisor of 5 and 175?
5
What is the greatest common divisor of 128 and 1856?
64
What is the greatest common factor of 53 and 689?
53
Calculate the greatest common divisor of 54 and 23778.
18
What is the highest common factor of 17 and 731?
17
Calculate the highest common factor of 300 and 816.
12
Calculate the greatest common divisor of 87 and 812.
29
What is the highest common divisor of 377 and 13?
13
What is the highest common divisor of 895 and 10?
5
What is the greatest common divisor of 36 and 828?
36
Calculate the highest common factor of 1164 and 12.
12
Calculate the highest common factor of 2277 and 23.
23
Calculate the greatest common factor of 10 and 55.
5
What is the greatest common factor of 798 and 190?
38
Calculate the highest common factor of 20 and 972.
4
What is the greatest common divisor of 18 and 9?
9
Calculate the greatest common divisor of 912 and 96.
48
Calculate the highest common factor of 144 and 13968.
144
Calculate the highest common divisor of 96 and 8052.
12
Calculate the highest common factor of 189 and 1533.
21
What is the greatest common factor of 1068 and 84?
12
What is the highest common factor of 424 and 53?
53
Calculate the greatest common factor of 275 and 440.
55
Calculate the highest common factor of 3483 and 129.
129
What is the highest common factor of 97 and 388?
97
Calculate the highest common factor of 65 and 416.
13
Calculate the highest common factor of 4 and 376.
4
Calculate the greatest common divisor of 8 and 1244.
4
What is the greatest common factor of 16 and 16?
16
Calculate the greatest common divisor of 66 and 594.
66
Calculate the highest common factor of 3520 and 4